
Let p(h) = -2*h**2. Calculate p(2).
-8
Let x(u) = -11*u + 104. Calculate x(10).
-6
Let v(y) = -8*y - 14. Calculate v(-1).
-6
Let t(g) = g**3 - 12*g**2 + 19*g + 3. Give t(10).
-7
Let o(n) = n**2 - 9*n + 11. Determine o(8).
3
Let x(j) = -j**2 - 2*j + 7. Calculate x(-9).
-56
Let r(f) = -8*f - 39. Give r(-4).
-7
Let w(c) = c**2 - 30*c - 224. What is w(-6)?
-8
Let z(d) = 22*d - 1. Determine z(6).
131
Let h(v) = -2*v**3 + 7*v**2 + 5*v + 1. Determine h(4).
5
Let a(d) = -2*d**3 - 2*d**2 - d + 1. What is a(-1)?
2
Let b(u) = -2*u + 5. Give b(5).
-5
Let a(m) = -2*m**2 - 9*m - 6. Give a(-7).
-41
Let t(m) = m + 1. Give t(-5).
-4
Let m(w) = -w + 38. What is m(0)?
38
Let q(s) = -5*s**2 - 20*s - 2. Determine q(-3).
13
Let c(b) = -b**3 + 11*b**2 + 25*b + 7. Calculate c(13).
-6
Let o(s) = 2*s - 40. Give o(-4).
-48
Let h(i) = 2*i**2 + 58*i + 2. Calculate h(-29).
2
Let t(y) = -3*y**2 + 2*y + 49. What is t(-4)?
-7
Let s(t) = t**2 - 14*t + 8. Give s(13).
-5
Let l(r) = -6*r**2 - 6*r - 20. Determine l(-5).
-140
Let i(t) = -t**2 + t + 6. Calculate i(2).
4
Let o(m) = -m**2 - 14*m - 77. Determine o(-11).
-44
Let r(o) = -o**3 - 5*o**2 + 5*o + 5. Determine r(-5).
-20
Let w(p) = -2*p**2 - 7*p - 2. Determine w(-4).
-6
Let s(m) = -11*m - 62. Calculate s(-6).
4
Let c(k) = 54*k + 9. Give c(3).
171
Let j(a) = 26*a**3 - 5*a**2 + 6*a - 2. Calculate j(1).
25
Let h(b) = -b**3 + 44*b**2 + 46*b - 54. Calculate h(45).
-9
Let q(n) = 54*n**2 + 4*n - 2. Calculate q(1).
56
Let j(o) = o**3 - 9*o**2 - 12*o + 30. Calculate j(10).
10
Let i(a) = a**3 + 6*a**2 + a + 2. Give i(-4).
30
Let w(b) = -b**3 + b - 1. What is w(0)?
-1
Let s(d) = d**3 + 6*d**2 - 6*d - 2. What is s(-7)?
-9
Let p(q) = 4*q**2 - 5*q + 6. What is p(3)?
27
Let f(x) = x**2 - 10*x + 4. Give f(9).
-5
Let t(i) = i**3 + 19*i**2 + 14*i - 20. Give t(-18).
52
Let n(x) = -x**3 + 23*x**2 - 12*x - 41. Give n(22).
179
Let h(a) = -a**2 + 16*a - 58. Determine h(11).
-3
Let i(t) = 3*t**2 - 27*t + 16. What is i(12)?
124
Let o(c) = c**3 - 7*c**2 + 12*c - 11. What is o(5)?
-1
Let t(n) = n**3 + 18*n**2 + 15. Calculate t(-18).
15
Let k(c) = c**3 - 3*c**2 - 7*c + 13. Determine k(4).
1
Let y(f) = f**3 - 8*f**2 - 9*f - 11. What is y(9)?
-11
Let g(h) = 34*h + 1. Give g(-4).
-135
Let i(j) = j + 2. What is i(-6)?
-4
Let f(t) = 25*t**2 - 17*t + 17. What is f(1)?
25
Let j(h) = -h**3 + 8*h**2 - 8*h + 9. Give j(7).
2
Let d(s) = 2*s**3 + 34*s**2 + 34*s + 27. What is d(-16)?
-5
Let w(m) = -28*m. Calculate w(2).
-56
Let f(b) = 2*b**3 - 9*b**2 - 6*b - 5. What is f(5)?
-10
Let t(f) = f**3 + 27*f**2 - 64*f - 181. Calculate t(-29).
-7
Let y(o) = o**2 + 2*o + 2. Give y(-6).
26
Let j(c) = c**3 - 3*c**2 - c + 3. What is j(3)?
0
Let h(u) = 2*u**2 + 2*u. What is h(-3)?
12
Let y(o) = o**3 + 9*o**2 - 9*o - 11. What is y(-10)?
-21
Let a(q) = q**3 - 5*q**2 + q + 7. Calculate a(5).
12
Let q(j) = -j**2 + 6*j + 24. Give q(9).
-3
Let u(b) = -b**3 - 28*b**2 - 26*b + 11. Determine u(-27).
-16
Let k(d) = d**2 + 20*d - 2. Calculate k(-25).
123
Let k(u) = u**3 - 5*u**2 + 2*u + 3. What is k(4)?
-5
Let n(k) = 7*k - 49. Give n(6).
-7
Let i(k) = 20*k - 504. Calculate i(25).
-4
Let s(r) = -r**2 + 9. What is s(-4)?
-7
Let o(m) = -2*m + 8. Determine o(9).
-10
Let t(b) = -6*b**2 - 8*b + 14. What is t(4)?
-114
Let k(p) = -p**3 - 4*p**2 + 3*p - 2. Determine k(-4).
-14
Let h(y) = -y**3 - 4*y**2 - 5*y - 25. Calculate h(-4).
-5
Let p(v) = -v**3 + 5*v**2 + 5*v - 5. Determine p(7).
-68
Let v(q) = q + 2. Determine v(6).
8
Let c(z) = 281*z + 2245. What is c(-8)?
-3
Let z(p) = -p**2 + p - 27. What is z(0)?
-27
Let v(l) = 5*l + 6. Give v(8).
46
Let i(u) = -2*u**2 - 21*u. Calculate i(-10).
10
Let c(x) = -x**2 + 4*x - 4. Determine c(4).
-4
Let z(t) = 14*t**2 - 7*t - 6. Determine z(-1).
15
Let t(c) = -c**2 - 6*c - 2. What is t(-7)?
-9
Let a(s) = 2*s + 17. Calculate a(-15).
-13
Let a(f) = -f - 3. Give a(0).
-3
Let a(d) = 4*d**2 - 36*d - 3. What is a(9)?
-3
Let l(r) = r**3 + 6*r**2 - 5*r + 7. Determine l(-7).
-7
Let u(q) = -q**2 - 7*q + 12. Determine u(-9).
-6
Let j(y) = 3*y**3 + 2*y**2 + y. Give j(-2).
-18
Let o(a) = a**2 - a + 4. What is o(4)?
16
Let x(t) = 22*t**2 + 3*t - 2. Give x(1).
23
Let q(w) = 3*w + 10. Calculate q(-9).
-17
Let c(m) = 3*m + 88. Calculate c(-30).
-2
Let n(i) = -31*i + 55. Determine n(5).
-100
Let n(c) = c + 14. Give n(-19).
-5
Let v(u) = 7*u + 24. Give v(-10).
-46
Let q(j) = 3*j - 14. Give q(7).
7
Let k(q) = q**3 + 15*q**2 - 7. Give k(-15).
-7
Let a(z) = z**2 + 7*z - 17. Determine a(-8).
-9
Let w(z) = -z - 4. Give w(10).
-14
Let k(h) = -h. What is k(-5)?
5
Let z(a) = -5*a - 32. Calculate z(-6).
-2
Let a(x) = -x**3 - 8*x**2 + 2*x + 13. What is a(-8)?
-3
Let b(d) = d**2 + 4*d - 1. Calculate b(-1).
-4
Let a(s) = 8*s - 36. What is a(5)?
4
Let f(i) = -3*i - 20. What is f(-7)?
1
Let z(n) = -4*n - 31. Calculate z(-10).
9
Let c(m) = -2*m**3 - 14*m**2 - 12*m - 104. Determine c(-7).
-20
Let t(p) = -p**3 - 13*p**2 - 14*p + 16. Give t(-12).
40
Let w(d) = -4*d + 45. Determine w(11).
1
Let q(u) = -u**2 + 8*u - 6. What is q(7)?
1
Let i(s) = -2*s**2 + 30*s + 28. Give i(17).
-40
Let c(t) = t**3 + 7*t**2 + 2*t + 30. Determine c(-7).
16
Let q(a) = -7*a - 9. What is q(-2)?
5
Let x(k) = k**2 + 18*k - 23. What is x(-19)?
-4
Let l(q) = q**3 - 8*q**2 + 7*q - 13. Calculate l(6).
-43
Let n(x) = 13*x**3 - x**2 - 4*x - 2. Calculate n(-1).
-12
Let n(t) = 2*t + 46. Determine n(-26).
-6
Let m(l) = -l**2 - 5*l - 6. Give m(-6).
-12
Let o(w) = w**3 + w**2 - 5*w - 2. Calculate o(-3).
-5
Let y(u) = 2*u + 24. Calculate y(-15).
-6
Let u(j) = j**3 + 2*j**2 - 14*j - 4. Calculate u(3).
-1
Let m(v) = v**2 + 3*v + 14. Give m(5).
54
Let g(t) = 2*t**2 + 51*t - 62. Give g(-27).
19
Let y(m) = -m**3 - 4*m**2 - 5*m + 2. Give y(-3).
8
Let c(a) = -a**3 - a**2 - a + 26. Determine c(0).
26
Let m(r) = -r**3 - 9*r**2 - 9*r + 1. What is m(-8)?
9
Let i(h) = h**2 + 17*h + 16. What is i(-14)?
-26
Let t(i) = -3*i - 45. Determine t(16).
-93
Let t(y) = 22*y + 40. What is t(-2)?
-4
Let d(w) = -3*w - 19. Determine d(-11).
14
Let p(m) = m**2 + 7*m + 25. Give p(-8).
33
Let o(r) = -r**3 + 9*r**2 - 6*r - 7. Calculate o(7).
49
Let y(i) = -7*i + 2. What is y(9)?
-61
Let b(h) = -h + 7. Calculate b(12).
-5
Let q(d) = 5*d - 46. Determine q(10).
4
Let r(b) = -b**2 + 8*b - 3. Calculate r(7).
4
Let p(r) = -r**3 - 15*r**2 - 30*r - 32. Give p(-13).
20
Let v(p) = -7*p**3 + 8*p**2 - 5*p + 3. Calculate v(1).
-1
Let p(j) = -18*j - 95. Calculate p(-6).
13
Let v(h) = -22*h - 3. Determine v(-2).
41
Let n(a) = -26*a - 7. Give n(-2).
45
Let m(f) = f**2 - f - 8. Calculate m(4).
4
Let n(p) = p**2 - 6*p - 8. Give n(7).
-1
Let y(t) = t**2 - 11*t + 29. Give y(9).
11
Let n(x) = -3*x + 21. Give n(4).
9
Let y(j) = -5*j + 3. Give y(-12).
63
Let t(x) = 39*x - 59. Calculate t(2).
19
Let j(i) = 2*i + 1. Calculate j(-3).
-5
Let q(h) = 16*h + 50. Give q(-3).
2
Let g(m) = -2*m**2 - 15*m - 20. Determine g(-6).
-2
Let k(s) = 5*s**2 - 2*s. What is k(2)?
16
Let a(r) = -4*r**2 + 15*r - 1. Give a(6).
-55
Let r(u) = -u**3 - 6*u**2 - 6*u - 5. Determine r(-4).
-13
Let y(j) = j**3 + 10*j**2 + 12*j + 11. Determine y(-8).
43
Let v(o) = 3*o + 40. Determine v(-13).
1
Let p(v) = -4*v**3 - v**2 - v - 7. What is p(-3)?
95
Let k(o) = -o - 25. Determine k(3).
-28
Let x(d) = 8*d**2 + 2*d. Give x(-2).
28
Let x(m) = -m + 17. Determine x(16).
1
Let r(g) = 52*g + 110. Calculate r(-2).
6
Let u(s) = -4*s + 21. Give u(6).
-3
Let s(n) = 3*n - 19. Calculate s(6).
-1
Let s(x) = x**2 - 3*x - 1. Give s(-2).
9
Let z(y) = -y**3 - 4*y**2 + 6*y + 8. Give z(-5).
3
Let k(o) = -17*o**2 - 25*o + 25. What is k(1)?
-17
Let f(h) = h**2 - 9*h + 12. Calculate f(3).
-6
Let b(y) = y**3 - 13*y**2 - 2*y + 23. Give b(13).
-3
Let v(b) = b**2 - 8*b - 17. Calculate v(3).
-32
Let g(t) = t**3 - 8*t**2 + 2*t + 3. Determine g(8).
19
Let f(a) = a**3 + 6*a**2 - 3*a. What is f(-7)?
-28
Let p(w) = w**2 + 34*w + 243. Give p(-24).
3
Let a(r) = 2*r - 15. Calculate a(5).
-5
Let x(d) = -d**3 + 7*d**2 - 3*d - 9. Calculate x(7).
-30
Let j(v) = 3*v**2 - 22*v + 4. Determine j(7).
-3
Let y(d) = 14*d - 6. Calculate y(3).
36
Let j(o) = o**2 - 25*o + 158. Determine j(10).
8
Let v(h) = h**3 + 10*h**2 + 9*h + 15. Determine v(-9).
15
Let c(k) = k**2 - 8*k + 7. Give c(8).
7
Let b(q) = -q**2 + 6*q + 16. Give b(0).
16
Let h(i) = -i**3 + 5*i**2 + 7*i + 